i, 3*v - 366 = -2*d + 7*v. Is d a prime number?
True
Suppose -5*n - 120 = -15*n. Suppose n*f + 4290 = 17*f. Let i = f + 19. Is i a composite number?
False
Suppose -2*i + k + 9179 = 2*i, -3*k + 9183 = 4*i. Suppose -c = 2*r - 5*c - 1522, i = 3*r - 3*c. Is r a prime number?
True
Suppose -705*y + 696*y = -1458. Let m(c) = 79*c**2 + 1. Let p be m(-1). Suppose -2*k = -y - p. Is k prime?
False
Let w(q) = 12*q**3 + 8*q + 2. Let z = -50 - -55. Let n be w(z). Suppose 10*k = 4*k + n. Is k a prime number?
True
Is (-645)/2*92598/(-55) - 2 a prime number?
False
Let x = -392 + 1065. Let w = x + 1980. Suppose -2*p = -3*k + w, 15 = 3*p + 3. Is k composite?
False
Suppose 10*a - 242 = -a. Is 12/a - 778830/(-66) prime?
True
Suppose -486*t = -485*t + 3*w - 35518, 142056 = 4*t - 4*w. Is t a composite number?
True
Suppose -90*x - 24*x = -2732694. Is x prime?
True
Let j(k) = -4283*k**3 - 2*k**2 + 2*k. Let u be j(-3). Suppose -o = -18*o + u. Suppose -w + 3*c + 1364 = 0, -2*c = -5*w - 6*c + o. Is w composite?
False
Let n(c) = -6*c**3 + 4*c**2 - 40*c + 89. Is n(-17) prime?
False
Let l(i) = 2300*i**2. Let o be l(3). Suppose 0 = -0*a - 2*a - 4*p + 13786, 3*a - p = o. Is a a prime number?
True
Let v = 880603 - 345932. Is v composite?
False
Let a = 2300 + 16323. Is a a prime number?
False
Suppose -24809139 = -189*j + 24649515. Is j composite?
True
Let x be ((-1)/9)/((-4)/(-12))*0. Suppose 4*o - 35 = -3*f, -2*f + 6*f - o - 34 = x. Let j(z) = 2*z**3 - 6*z**2 + 8*z - 1. Is j(f) composite?
True
Suppose -6571951 = -5*f - o, -2691679 + 62921 = -2*f - 6*o. Is f a composite number?
True
Let v(z) = 8*z**2 + 209*z - 539. Is v(-120) a prime number?
False
Suppose -3507173 = -3*f - 2*b, 12*f - 5845281 = 7*f + 4*b. Is f a prime number?
False
Is ((402709110/(-180))/(-37))/(2/12) a prime number?
True
Let i = 6 - 14. Let r(q) = 10*q**3 + 19*q**2 + 21*q + 28. Let t(n) = -7*n**3 - 13*n**2 - 14*n - 19. Let b(j) = -5*r(j) - 7*t(j). Is b(i) a composite number?
True
Let t(g) = -3*g - 90. Let o be t(-31). Is 1468/o + (40/6 - 7) prime?
False
Suppose 0 = -2*o + 5*z + 1104, -13*o + 11*o + 1124 = 5*z. Is o composite?
False
Let n(h) = 376*h**2 + 4058*h - 73. Is n(56) a prime number?
True
Let a be (-2 + (4 - 1))*11323. Suppose -a = -3*i + h - 3728, i + 3*h = 2525. Is i composite?
False
Let s be (3376/(-12))/(2/(-3)). Let q be s/((-6)/4*(-10)/15). Suppose 38*x + q = 40*x. Is x a composite number?
False
Let a(b) be the first derivative of 3*b**4/4 + 7*b**3/3 + 11*b**2 + 17*b - 20. Is a(7) a prime number?
True
Let y = -131 + 130. Let q be 3 - (68/12)/(y/159). Let l = -455 + q. Is l a prime number?
True
Let a(k) = 59*k**2 + 13*k + 731. Is a(-33) composite?
False
Is ((-120995)/10)/(19/(-38)) prime?
False
Let w(u) = -496*u - 37. Let j be w(2). Let i = j + 4462. Is i a composite number?
False
Suppose 6465 = -9*u - 2067. Let k = 1825 + u. Is k prime?
True
Suppose -6*x + 55161 = -18609. Suppose -10*f - x = -15*f. Is f a prime number?
True
Is (-34 - -29) + (241287 - 0) a prime number?
False
Let o = 7642 - -4875. Is o composite?
False
Let z(l) = -16*l - 28. Let i be z(-4). Is (-2)/(i/(-79155)*5/2) composite?
False
Suppose -156*w = -158*w + 10. Suppose 0 = 5*u + 3*r - 3556 - 20110, w*u = r + 23678. Is u a composite number?
True
Let g(s) be the first derivative of 387*s**2 + 23*s + 148. Is g(1) a composite number?
False
Suppose -4*n + 3*h + 1370991 = 2*h, 2*n - 5*h - 685491 = 0. Is (-6)/15 - n/(-20) composite?
False
Is -1*8/4*244287/(-18) a composite number?
False
Let n(t) be the first derivative of -1377*t**2/2 + 4*t - 101. Is n(-1) a composite number?
False
Let o = 78 + -29. Suppose -1175 = -o*z + 44*z. Is z a prime number?
False
Let i(r) = 313568*r**2 + 72*r + 83. Is i(-1) a composite number?
True
Let d = 36 - 34. Suppose 7*z + 4*n = 2*z + 4168, z + d*n = 836. Let m = z + -245. Is m prime?
True
Let o be (-2 + (-530)/(-20))*(-110)/(-1). Let y = o - 592. Is y a prime number?
False
Is 4/(-9) - ((-11)/44 + 4345185/(-108)) a prime number?
False
Suppose -i + 10672 = 5*o, 5*o = -2*i + 3*i - 10642. Is i a composite number?
False
Let q(z) = 543*z - 8. Let w be q(-5). Let f be w/5 + (-12)/30. Let a = 796 + f. Is a a prime number?
True
Let t be 1568662*(9 - 5)/8. Suppose -11*g - 131866 + t = 0. Is g a composite number?
True
Let f = 145 + -169. Is (-16)/f - 11762/(-6) a composite number?
True
Let k = -2160 + 3815. Let s = k + -918. Is s prime?
False
Suppose -4*l + 5 = -7. Suppose -3*p = 0, -l*u + 6*p - 3*p = -291. Suppose 3*y + 4*s + u = 360, -3*s = -y + 79. Is y a composite number?
True
Let j = -521403 - -870146. Is j composite?
True
Suppose -2*z = -x + 49595, -173997 = -3*x + 3*z - 25209. Is x composite?
False
Suppose 13*b - 10*b = 6. Suppose -5*p + 6 - 29 = v, b*v - 3*p = -7. Let a(u) = -240*u - 19. Is a(v) a prime number?
True
Let w = 5681 + -8145. Let u = w - -3802. Is 7/(3*2/u) composite?
True
Let y be (5 - (4 - -4))/(-1). Suppose -3*z - y*u + 5272 = -2420, -3*z - 4*u + 7690 = 0. Is z a prime number?
False
Suppose 825365 = h - 2*g - 170890, 4*h - 3984948 = -4*g. Is h composite?
True
Let m = -247 - -247. Suppose -4512 = -h - d - 4*d, -4*h - 2*d + 18030 = m. Is h a prime number?
True
Let y = -25974 - -59261. Is y composite?
False
Let j = -44995 - -362766. Is j prime?
True
Suppose -38965 = -h - 3*m, -35*h - 2*m + 155820 = -31*h. Is h prime?
True
Is (1/(-4))/(17/16708722)*6/(-9) a prime number?
True
Suppose -31215 = 4*h + 4*u - 130943, 2*h = 10*u + 49900. Is h a prime number?
False
Let l be 4/6*5*6/10. Suppose 5*q + l = 7*q. Let j(b) = 1476*b - 5. Is j(q) prime?
True
Suppose 0 = -7*z + 118 + 92. Suppose 22*p + 5384 = z*p. Is p a prime number?
True
Suppose -4*k + 7 = 3. Suppose -4*z + 15 = -k. Suppose 0 = -z*p - p + 2*f + 362, -5*p + 378 = 2*f. Is p a composite number?
True
Let u = 606313 - 413952. Is u a composite number?
True
Suppose -4*g - 7 = 5*w, -12*g + 10 = -7*g. Is (-4)/18*-3*w + 5437 prime?
False
Suppose 0 = -5*b + 5*j + 336970, 2*b - 3*j - 51584 = 83205. Is b a composite number?
True
Let k = -257617 + 527802. Is k a composite number?
True
Let i(a) = 16*a**2 - 108*a + 41. Let v(s) = -8*s**2 + 53*s - 21. Let t(c) = 4*i(c) + 7*v(c). Is t(18) composite?
False
Let d = -1920 - -6540. Suppose 6*l - d = 1470. Suppose -5*k + 1267 = 2*r, 5*k - k - l = -3*r. Is k composite?
True
Let q be (-4 - 4/(-2))*6/(-4). Is ((-54719)/21)/((-1)/q) prime?
True
Suppose -116*y + 113*y = 27. Let g(s) = 3*s**2 + 14*s - 12. Let r be g(y). Suppose -5*c - r = -4090. Is c a prime number?
True
Suppose 3*s + 166 + 299 = 0. Let m = 155 + s. Suppose m = -r - 6*h + 3*h + 584, 5 = -5*h. Is r a composite number?
False
Suppose -d + 5*f = -105690, 2*d + 244*f - 211391 = 243*f. Is d prime?
False
Let y be (3/2)/(11/8 + -1). Let x(v) = 4*v - 12. Let f be x(y). Suppose -3*n + 886 = f*z, -3*z + 4*n + 900 = z. Is z a composite number?
False
Suppose -25*w + 21*w - 4*h - 80 = 0, 5*w + 2*h = -109. Let t(r) = -3*r**3 - 29*r**2 + 51*r - 20. Is t(w) prime?
False
Let c be -1 + (-1 + 4)/3. Suppose -5*l - 113 + 13 = c. Let o(k) = -14*k + 25. Is o(l) a prime number?
False
Let z(p) = p - 7. Let i be z(9). Suppose 2*a + j - 7 = 4, -4*a + j = -19. Suppose 4*x + x - 207 = 4*t, -96 = -i*x - a*t. Is x composite?
False
Let b = -4671 - -4680. Suppose -g + 2*x - 5*x + 2288 = 0, 4584 = 2*g + 2*x. Suppose b*a - 7*a = g. Is a a prime number?
False
Let o = 350077 - 144284. Is o a prime number?
False
Let p = -151 + 149. Let n be (663/68)/(p/8). Let g = 64 - n. Is g prime?
True
Let t(d) = d**3 + 23*d**2 + 2. Let c be t(-23). Suppose -c*p = -0*x - 2*x + 22, -43 = -3*x + 5*p. Is 224 - (x/(6/2) + 1) prime?
False
Suppose 0 = -3*g + 4*b - 1738, g - 2*b = 2*b - 574. Let m = g - -399. Let z = m + 522. Is z composite?
True
Let h = -263 - 49. Let r be -4 + 12 + 13 + -10. Let z = r - h. Is z a composite number?
True
Suppose 9*p + u + 647364 = 10*p, 0 = 2*u + 14. Is p a prime number?
True
Let o be -8*(19395/10 - -6). Let m = o - -21811. Is m prime?
True
Let x be (0/(-2) - 0) + -2. Suppose -52*j = -114 + 62. Is j*(1 + x) + 84 prime?
True
Let n(o) = -4*o**3 - o**2 + 1. Suppose -x = -y, 4*y + 4*x - 10 + 2 = 0. Let c be n(y). Is (3703/(-182) + c/26)*-46 a composite number?
True
Let f(o) = -o + 7. Let s be f(2). Suppose -s*z + 4659 = 2*b, 3*b - z = 5074 + 1872. Is b a prime number?
False
Let d = 